uppose 3*j + 4*i - 2 = 0, -14 = -3*j + i + 8. What are the prime factors of w(j)?
31
Suppose 0*b - 1370 = -5*b - 5*o, 4*b = -o + 1105. List the prime factors of b.
277
Let t = 7 + 5. What are the prime factors of t?
2, 3
Let m = -182 - -456. List the prime factors of m.
2, 137
Let b(o) = o**3 - 7*o**2 - 8*o + 12. Let p(z) be the second derivative of 2*z**5/5 - z**3/6 + z**2/2 + z. Let j be p(1). List the prime factors of b(j).
2, 3
Suppose -4*n + 4 = 0, 8 = r - 5*n + 2*n. List the prime factors of r.
11
Let m be (-6)/21 + 48/21. Let g = m - -1. Suppose -g*o = o - 40. List the prime factors of o.
2, 5
Suppose 3*f + 5*v = 2*v - 75, -2*v + 30 = -2*f. Let u = f + 28. Suppose 2*d - u - 14 = 0. What are the prime factors of d?
11
Let m = 6 + -1. Suppose -m*i - 5*y = -55, 0*y = -y - 5. List the prime factors of i.
2
Let q(j) = -11*j**2 - j - 3. Let i be q(-3). List the prime factors of (-2354)/i + (-2)/(-9).
2, 3
Let w be (15/(-9) + 2)*9. Let i(n) = 7*n - 2. List the prime factors of i(w).
19
Let b = -7 + 50. Let q = b - 21. What are the prime factors of q?
2, 11
Let c = 16 - 10. Let s be (c - 1)*(7 + -12). Let f = s + 39. What are the prime factors of f?
2, 7
Suppose -20 = -6*q + q. Suppose 0 = j - 4*t + 12, 6*j - q*t = 3*j - 4. List the prime factors of j.
2
Let g(r) = -r**3 - 5*r**2 - 6*r - 6. Let w be g(-4). Suppose a - 54 = -w*a. List the prime factors of a.
2, 3
Suppose 5*a = -13 + 38. Suppose 5 - 30 = -5*i + a*t, -5*i = -2*t - 40. What are the prime factors of i?
2, 5
Let z = 227 + -93. List the prime factors of z.
2, 67
Let r = 77 + -40. What are the prime factors of r?
37
Suppose -2*k = -k + 10. List the prime factors of 12/k*(-15)/6.
3
Suppose q + 4 = 2*q. Suppose -3*t = -9, 0 = 2*c - q*t + 2. Let w = 8 - c. List the prime factors of w.
3
Let a be 134/4*(4 + -2). Let n = a - 37. Let z = n - 18. List the prime factors of z.
2, 3
Let h = 167 + -110. What are the prime factors of h?
3, 19
Suppose -7*l - 458 = -5*v - 3*l, v - 3*l = 96. Suppose -2*h = 2*o + 2*o + 42, 0 = 3*h - 3*o + v. Let u = -14 - h. What are the prime factors of u?
13
Suppose -z + 15 = -2*h + 5, -24 = -3*z + 3*h. What are the prime factors of z?
2, 3
Suppose -4*d + 6 = -42. What are the prime factors of d?
2, 3
Let o be (1962/45)/((-1)/(-5)). Suppose 0 = -5*x - 53 + o. What are the prime factors of x?
3, 11
Let y = 180 - -57. List the prime factors of y.
3, 79
What are the prime factors of (3/2)/3*2 + 76?
7, 11
Let q be ((-1)/(-3))/(2/24). Suppose -2*v - n = n - 10, -q*v = 3*n - 17. List the prime factors of -6*(1 - 3/v).
3
Suppose -3*n + 8*n = -h + 11, -3*n + 12 = 0. List the prime factors of 2*3/h*-30.
2, 5
Let d(i) = -i + 2. Let t be d(-6). Let y = t + -4. List the prime factors of y.
2
Let g be 1*1/(-1) - -1. Suppose i = -g*i. Suppose -4*d + 8*d - 52 = i. What are the prime factors of d?
13
Suppose 0 = 2*d - 14 + 36. Let s = -5 - d. List the prime factors of s.
2, 3
Let t(k) = -k**2 + 3*k. Let h be t(3). Suppose 0 = 4*m + 2*x - 154, h*x = x - 5. Let v = -22 + m. List the prime factors of v.
2, 7
Let l(c) = -3*c**2 - 3*c - 1. Let t(y) = 4*y**2 + 4*y. Let k(z) = 5*l(z) + 4*t(z). What are the prime factors of k(5)?
5
Let w = -5 + 9. Suppose w*y = -2*z + 39 + 3, -3*z + 5*y = -8. What are the prime factors of z?
11
Let z(d) = d. Let w be z(3). Suppose 5*x - w = 7. Suppose 4*i - 42 = -r, 3*i - x*r + r = 28. List the prime factors of i.
2, 5
Let a = -3 - 2. Let q(k) = k**3 + 5*k**2 + k - 3. Let p be q(a). Let n = p - -15. What are the prime factors of n?
7
Let b be 25 + -3*(-1)/(-1). Suppose -2 = 2*d - b. What are the prime factors of d?
2, 5
Let h(l) = -2*l**3 - l**2 + 2*l + 3. What are the prime factors of h(-2)?
11
Suppose 0 = 3*i + 2*y - 9, 0 = 4*i + 4*y - 12. List the prime factors of i.
3
Suppose 4*k = w + 5, 5*k - 1 = w + 2*w. Suppose -w*h + 20 + 34 = 0. What are the prime factors of h?
2, 3
Let b(v) = 10*v + 5. Let w be b(4). Suppose -4*u - w = 5*j, 12 + 63 = -4*u + 5*j. Let s = -7 - u. List the prime factors of s.
2
Let v(p) = -1 + 2*p + p - 6*p. What are the prime factors of v(-3)?
2
Suppose 452 = 5*a - 2*h, 2*h - 440 = -5*a + 28. What are the prime factors of a?
2, 23
Let x(v) = -6*v**2 - 12 - 7*v + 14 + 0*v**2 + v**3. Let r be (-74)/(-10) - (-4)/(-10). What are the prime factors of x(r)?
2
Let p(l) = -l**2 + 12*l + 13. Let t be 16/40 + 43/5. List the prime factors of p(t).
2, 5
Let c be 2/(-6) + 64/3. Let g = 132 + -129. Suppose -z - g + 5 = 0, -3*p + c = -3*z. What are the prime factors of p?
3
Suppose 2*m = 41 + 13. What are the prime factors of m?
3
Suppose -5*v - v = -702. What are the prime factors of v?
3, 13
Let a(b) be the second derivative of b**4/24 + b**3/3 + b**2 - 2*b. Let x(s) be the first derivative of a(s). What are the prime factors of x(8)?
2, 5
Suppose 0 = 2*w - 10, 2*l + w = 1 + 2. Let k(o) = -o**3 - 4*o**2 - o - 2. Let q be k(-4). List the prime factors of 4 + (q - (l - -2)).
5
Let k(v) = 20*v**2 + 3*v - 1. Let t be k(-3). Suppose 2 = 4*l - t. What are the prime factors of l?
43
Let t = -7 + 71. What are the prime factors of t?
2
Suppose 0 = -3*a - 0*a + 105. Suppose 10 = -2*b, a = 5*x - 0*x - 5*b. What are the prime factors of x?
2
Suppose -4*w - w + 3*i + 26 = 0, 0 = w - 2*i - 1. What are the prime factors of w?
7
Let o(m) = -m**2 + 5*m - 2. Let x(n) = -n + 2. Let f(v) = -v + 1. Let h(k) = -2*f(k) + x(k). Let a(b) = h(b) - o(b). What are the prime factors of a(5)?
7
Suppose 0 = -2*z + 10, -13*z = 3*v - 10*z - 480. List the prime factors of v.
5, 31
Suppose 0 = -x - x + 20. Suppose 0 = 3*q - x - 2. List the prime factors of ((-8)/(-10))/(q/10).
2
Let z(r) = 211*r**3 - r + 1. List the prime factors of z(1).
211
Let v(h) = h**2 + 3*h + 2. Let d(k) = -4*k**2 - 2*k - 1. Let s be d(-1). Let i be (-2)/s - (-22)/(-6). What are the prime factors of v(i)?
2
Let i(t) = t - 9. Let j = 2 + 3. Let p be i(j). Let a = 8 - p. What are the prime factors of a?
2, 3
Let p(a) be the second derivative of -a**5/20 - a**4/3 - 2*a**3/3 - 2*a**2 - 2*a. Let h be p(-3). List the prime factors of 2*h/4*-34.
17
List the prime factors of 1 - -78 - 7/(7/(-2)).
3
Let f = 6 + -6. List the prime factors of (-140)/(-7) - (f - 0).
2, 5
Let v(s) be the second derivative of -s**3/6 - 3*s**2 - 4*s. Let u be v(-8). Suppose u*o - 18 = 4*x, 3 = o + 4*x - 0. What are the prime factors of o?
7
Suppose -5*q + 2*q + 836 = y, -q - 4*y = -286. List the prime factors of q.
2, 139
Let p(z) = -z**2 - 13*z + 5. List the prime factors of p(-5).
3, 5
Let n = 10 + -6. Suppose -281 = -n*o - 73. What are the prime factors of o?
2, 13
Let b = 51 - -30. What are the prime factors of b?
3
Let j(z) = z**2 + 4*z + 1. Let w be j(-5). Let i = w + -2. Suppose i*n - 5*s + 21 = 3*n, -3*s = -4*n + 1. What are the prime factors of n?
2
Suppose -2*s - 15 = s. Let c(h) = -6*h - 4. List the prime factors of c(s).
2, 13
List the prime factors of (-2)/(-6)*(37 + 2).
13
Let m be (-1)/((-129)/64 - -2). Suppose -3*j - 5*c - 113 = 99, 0 = j + 5*c + m. What are the prime factors of (-2)/9 + j/(-9)?
2
Suppose -i + 4*k = -0 - 4, -5*i - k = -41. Let j = 10 - i. Suppose j*s - 5*s + 33 = 0. List the prime factors of s.
11
Let u(s) = -s + 16. What are the prime factors of u(9)?
7
Let s be 1*1*4*-3. Let d = -13 + 8. Let t = d - s. What are the prime factors of t?
7
Suppose 52*u = 49*u + 186. What are the prime factors of u?
2, 31
Let o(y) = -7 + 0*y**3 + 9*y**2 + 4 - 2*y**3 - 4*y + y**3. What are the prime factors of o(8)?
29
Suppose 4*g + g + 20 = 0, -5*i + 11 = g. Suppose -18 = -i*b + 12. What are the prime factors of b?
2, 5
Let x(h) = h**3 - 6*h**2 + 2*h + 1. Let g be x(4). List the prime factors of -1*(-2)/(-2)*g.
23
Let b(s) = -32*s - 34. List the prime factors of b(-5).
2, 3, 7
Let l be 0 + (-4 - (-9 - 0)). Let x be (-6)/(-3) - (-1 + 0). Suppose -5*u = 5*q - 45, -5*u - 38 = -l*q - x. What are the prime factors of q?
2
Let s = -275 + 397. List the prime factors of s.
2, 61
Let n(b) = -40*b + 1. What are the prime factors of n(-2)?
3
Suppose 2*z + 2*m = 38, -2*z = -2*m + 6*m - 42. Suppose 4*j = -z + 137. What are the prime factors of j?
2, 3, 5
Suppose 4*w + 31 = 5*w. What are the prime factors of (3 - (1 + -1)) + w?
2, 17
Let l be 2*1/(8/84). Suppose 13 = 2*y - l. List the prime factors of y.
17
Let o = 36 + -112. List